{"id":20,"date":"2012-11-26T17:00:38","date_gmt":"2012-11-26T15:00:38","guid":{"rendered":"http:\/\/www.c-l-e.de\/?page_id=20"},"modified":"2016-03-19T03:51:59","modified_gmt":"2016-03-19T01:51:59","slug":"training","status":"publish","type":"page","link":"https:\/\/www.c-l-e.de\/?page_id=20","title":{"rendered":"Wir \u00fcber uns"},"content":{"rendered":"<p><strong><a href=\"http:\/\/www.c-l-e.de\/wp-content\/uploads\/2014\/09\/petra_1klein.png\"><img loading=\"lazy\" class=\"alignright size-thumbnail wp-image-230\" title=\"petra_1klein\" src=\"http:\/\/www.c-l-e.de\/wp-content\/uploads\/2014\/09\/petra_1klein-150x150.png\" alt=\"\" width=\"150\" height=\"150\" \/><\/a>Petra D\u00f6bler<\/strong> bietet Ihnen mehr als 25 Jahre Erfahrung im Bereich Personalentwicklung, Bildung, Qualifizierung; seit \u00fcber 20 Jahren mit Schwerpunkt auf der Konzeption und Entwicklung von modernen, medien-unterst\u00fctzten Qualifizierungskonzepten. Basis daf\u00fcr ist das 1. und 2. Staatsexamen f\u00fcr Lehramt (Gymnasium), sowie Zusatzausbildung im Bereich Mediendidaktik und Erfahrungen als Trainer und Referent.<\/p>\n<p>In 15 Jahren Selbst\u00e4ndigkeit im Projektmanagement sind zahlreiche innovative Bildungsl\u00f6sungen f\u00fcr Unternehmen entstanden, die moderne und zielgruppenorientiert Lernmethoden und -medien einsetzen und Mitarbeiter f\u00fcr steigende und sich schnell wandelnde Anforderungen fit machen.<br \/>\nSeit 2008 wird das breite Erfahrungsspektrum um das Thema \u201eQualit\u00e4tsmanagement\u201c erg\u00e4nzt. Petra D\u00f6bler ist ausgebildete Excellence Assessorin und seit 2009 als ehrenamtliche Assessorin im Wettbewerb um den Ludwig-Erhard-Preis (Deutschland) t\u00e4tig.<\/p>\n<p>Diese Kombination aus Excellence und Wissen um modernes Lernen erm\u00f6glicht eine neue Qualit\u00e4t von nachhaltigen Bildungsl\u00f6sungen und unterst\u00fctzt den Unternehmenserfolg.<\/p>\n<p>&nbsp;<\/p>\n","protected":false},"excerpt":{"rendered":"<p>Petra D\u00f6bler bietet Ihnen mehr als 25 Jahre Erfahrung im Bereich Personalentwicklung, Bildung, Qualifizierung; seit \u00fcber 20 Jahren mit Schwerpunkt auf der Konzeption und Entwicklung von modernen, medien-unterst\u00fctzten Qualifizierungskonzepten. Basis daf\u00fcr ist das 1. und 2. Staatsexamen f\u00fcr Lehramt (Gymnasium), &hellip; <a href=\"https:\/\/www.c-l-e.de\/?page_id=20\">Weiterlesen <span class=\"meta-nav\">&rarr;<\/span><\/a><\/p>\n","protected":false},"author":1,"featured_media":0,"parent":0,"menu_order":5,"comment_status":"closed","ping_status":"closed","template":"","meta":[],"_links":{"self":[{"href":"https:\/\/www.c-l-e.de\/index.php?rest_route=\/wp\/v2\/pages\/20"}],"collection":[{"href":"https:\/\/www.c-l-e.de\/index.php?rest_route=\/wp\/v2\/pages"}],"about":[{"href":"https:\/\/www.c-l-e.de\/index.php?rest_route=\/wp\/v2\/types\/page"}],"author":[{"embeddable":true,"href":"https:\/\/www.c-l-e.de\/index.php?rest_route=\/wp\/v2\/users\/1"}],"replies":[{"embeddable":true,"href":"https:\/\/www.c-l-e.de\/index.php?rest_route=%2Fwp%2Fv2%2Fcomments&post=20"}],"version-history":[{"count":20,"href":"https:\/\/www.c-l-e.de\/index.php?rest_route=\/wp\/v2\/pages\/20\/revisions"}],"predecessor-version":[{"id":26,"href":"https:\/\/www.c-l-e.de\/index.php?rest_route=\/wp\/v2\/pages\/20\/revisions\/26"}],"wp:attachment":[{"href":"https:\/\/www.c-l-e.de\/index.php?rest_route=%2Fwp%2Fv2%2Fmedia&parent=20"}],"curies":[{"name":"wp","href":"https:\/\/api.w.org\/{rel}","templated":true}]}}

Wir über uns

<p><strong><a href="http://www.c-l-e.de/wp-content/uploads/2014/09/petra_1klein.png"><img loading="lazy" class="alignright size-thumbnail wp-image-230" title="petra_1klein" src="http://www.c-l-e.de/wp-content/uploads/2014/09/petra_1klein-150x150.png" alt="" width="150" height="150" /></a>Petra Döbler</strong> bietet Ihnen mehr als 25 Jahre Erfahrung im Bereich Personalentwicklung, Bildung, Qualifizierung; seit über 20 Jahren mit Schwerpunkt auf der Konzeption und Entwicklung von modernen, medien-unterstützten Qualifizierungskonzepten. Basis dafür ist das 1. und 2. Staatsexamen für Lehramt (Gymnasium), sowie Zusatzausbildung im Bereich Mediendidaktik und Erfahrungen als Trainer und Referent.</p>
<p>In 15 Jahren Selbständigkeit im Projektmanagement sind zahlreiche innovative Bildungslösungen für Unternehmen entstanden, die moderne und zielgruppenorientiert Lernmethoden und -medien einsetzen und Mitarbeiter für steigende und sich schnell wandelnde Anforderungen fit machen.<br />
Seit 2008 wird das breite Erfahrungsspektrum um das Thema „Qualitätsmanagement“ ergänzt. Petra Döbler ist ausgebildete Excellence Assessorin und seit 2009 als ehrenamtliche Assessorin im Wettbewerb um den Ludwig-Erhard-Preis (Deutschland) tätig.</p>
<p>Diese Kombination aus Excellence und Wissen um modernes Lernen ermöglicht eine neue Qualität von nachhaltigen Bildungslösungen und unterstützt den Unternehmenserfolg.</p>
<p>&nbsp;</p>

<p>Petra Döbler bietet Ihnen mehr als 25 Jahre Erfahrung im Bereich Personalentwicklung, Bildung, Qualifizierung; seit über 20 Jahren mit Schwerpunkt auf der Konzeption und Entwicklung von modernen, medien-unterstützten Qualifizierungskonzepten. Basis dafür ist das 1. und 2. Staatsexamen für Lehramt (Gymnasium), &hellip; <a href="https://www.c-l-e.de/?page_id=20">Weiterlesen <span class="meta-nav">&rarr;</span></a></p>
